r + 3. Let n(m) = -120 - 2*m + 110*m**2 - 108 + 231. Is n(r) prime?
False
Let f(v) = -v**3 + 3*v**2 + 30*v + 1. Let n be f(7). Suppose -n*l + 3057 = -1653. Is l a prime number?
False
Suppose 12*c - 20*c = 13248. Let o = -898 - c. Is o composite?
True
Let v = 1038910 + 1521561. Is v a prime number?
True
Suppose -22*b = 59*b - 4075191. Is b prime?
True
Suppose -742558 = -6*k - 4*u, 2*k - 7*k = -2*u - 618825. Is k a composite number?
True
Is ((-1540483)/(-98) - 4/(-14))*(0 + 2) a composite number?
True
Let z = 36 + -35. Let u be 20/30*(z - -2). Suppose -5*w - 3*y = -3155, -w - u*w + 2*y = -1893. Is w prime?
True
Is (-8)/(-2) - (50 - 21597) prime?
False
Let o = -18633 - -28766. Is o a prime number?
True
Let g = 949367 + -649234. Is g a prime number?
False
Let u(d) = -5*d + 166. Suppose j - 16 = -2*w, -j - 11*w + 7*w = -8. Is u(j) a prime number?
False
Let r = 10 - 4. Suppose u = r*u - 110. Let w = 17 + u. Is w a prime number?
False
Suppose 0 = -3*x - 107 - 61. Let m = 110 + x. Suppose -3*u - 4*w = -105, -7 + m = 2*u - 5*w. Is u a prime number?
True
Suppose -2*l + 3 = -0*a + a, -l = 0. Let o be ((-66)/(-9)*a)/(4/178). Suppose -3*w = -4*w + o. Is w composite?
True
Let l(b) = -2 + 3*b + 2 + 3 - 878*b**3 - 7807*b**3 + 22*b**3. Is l(-1) prime?
True
Let l(c) = 21*c**3 + 3*c**2 - 13*c + 15. Let v be l(5). Let n = v - 545. Suppose -2103 = -5*j + 6*b - 2*b, 0 = 5*j - 5*b - n. Is j a prime number?
True
Let o be -6*((-2)/(-24))/(15/(-150)). Suppose -3174 = -3*d + 3*l, -18*d - o*l = -13*d - 5260. Is d a prime number?
False
Is 35/(-70) + 20697/6 composite?
False
Let t = -62 + 61. Let o(w) = -20*w - 5. Let r be o(t). Suppose 20*p = r*p + 4915. Is p prime?
True
Let q(z) = 1253*z**2 - 101*z - 733. Is q(-21) prime?
True
Suppose 0 = 16*y + 161 - 193. Is (y - -2) + 7*566 + 1 a composite number?
False
Suppose -29*o + 30*o = 4*i + 18377, -4*o + 73544 = 2*i. Is o a composite number?
True
Let x = 382 - 339. Suppose 4*c - 10 = -3*p + x, -c - 3*p + 20 = 0. Is c composite?
False
Let k(a) = -3605*a**3 - 3*a**2 + 165*a + 514. Is k(-3) a composite number?
False
Suppose -4*v + 5*i = -63785, 0*v = v + 2*i - 15930. Suppose 10*t + 10*t - v = 0. Is t a prime number?
True
Let d(r) = -6*r**3 - r. Let j be d(-1). Suppose 20 = 5*v, -j = -2*s + 3*v - 3. Let g(i) = 282*i - 13. Is g(s) a prime number?
True
Is 144/288*10*137219 a composite number?
True
Suppose -g - 129448 = 4*z - 9*z, -3*z + 77682 = -5*g. Is z prime?
True
Let q = -563 + 571. Is (-1)/(q/(-4))*-10*-11351 a composite number?
True
Let r(x) = 40313*x**2 + 24*x - 92. Is r(3) a prime number?
False
Suppose 2*b - 8*o - 432785 = 284577, 717390 = 2*b - o. Is b composite?
False
Suppose 2*f + 2*n = 594632, 3*n = 5*f - 252510 - 1234078. Is f a composite number?
False
Suppose 2775 = 3*s - 4*z, 0*z + 1855 = 2*s - z. Let b = s - 366. Let c = b + -372. Is c a prime number?
True
Let w be 3 + (-5 - 4) + 42949. Suppose -11427 - w = -10*f. Is f prime?
True
Is (11/22)/((-5)/(-8656850)) composite?
True
Let o = 58 - 55. Suppose o*i = -4*s - 0*s + 25393, 25399 = 4*s - 3*i. Is s prime?
False
Let s be ((-16)/(-10))/(1/((-15)/(-6))). Suppose 0 = 4*d - 3*b - 1, 5 = b + s*b. Is (-3 - -511 - 6/(-2))*d composite?
True
Let o = -76204 + 1224023. Is o composite?
False
Let o(q) = 5*q**2 + 8*q + 4. Let h be o(-3). Suppose -13071 = -28*k + h*k. Is k prime?
True
Let f = -53855 + 76728. Is f composite?
True
Is 34318*((520/16)/(-13) + 3) a prime number?
True
Let h = -18 - -36. Suppose 6 - h = -4*f. Is 0 + (f/(-1) - -118) a composite number?
True
Let n(d) = -2*d**2 - 14*d + 11. Let b be n(-7). Let g(i) = 11*i**2 + 2*i + 8. Is g(b) a prime number?
True
Let k(l) = 3580*l**2 + 84*l - 263. Is k(3) a composite number?
True
Let b(n) = -n. Let v(w) = -27*w - 11. Let z(t) = -3*b(t) + v(t). Suppose -124*h = -112*h + 132. Is z(h) prime?
False
Let i = 1349 - 483. Let c = i + -423. Is c a prime number?
True
Suppose 3*p + 2*m - 41 = 0, 30 = 2*p + 6*m - 4*m. Suppose 10*r + p*r = 223461. Is r a prime number?
False
Let n(r) = 2*r - 12. Let x be n(11). Let o(c) = 7 - x - 19*c - 39. Is o(-16) prime?
False
Let d(k) = 2*k + 8. Let v be d(-2). Suppose 4*f + 7*z = v*z + 70324, 0 = z. Is f composite?
False
Suppose 11*n - 10*n = -t - 70, 0 = -t. Let j = 3247 - n. Is j a composite number?
True
Let h = 437701 + -104604. Is h a prime number?
True
Suppose 204*p = -240139 - 1192 + 1419023. Is p prime?
False
Let i(h) = 46693*h**2 + 52*h + 21. Is i(-2) prime?
True
Let u = -141 + 116. Let y = 27 + u. Suppose -3*a = y*a - 7270. Is a a prime number?
False
Suppose 20*x + 38*x - 92*x + 6077534 = 0. Is x a prime number?
False
Suppose 3*b - 2*t = 752, 221 + 1074 = 5*b + 5*t. Let y = b + 303. Is y prime?
True
Let r = 255063 - 66296. Is r a prime number?
True
Suppose 4*d - 5264 = -3*l, -5*d + 0*l + 6603 = -2*l. Let p = d + 14768. Is p a composite number?
False
Let h(f) = 42*f**3 + 16*f**2 + 28*f - 137. Is h(12) a prime number?
True
Let z(c) = 13*c**2 - 3*c - 3. Let o(n) = 3*n**2 + 3*n. Let r be o(-2). Suppose 31 = -r*s + 1. Is z(s) composite?
False
Let x(l) = 2*l**3 + 18*l**2 + 21*l - 178. Is x(19) prime?
False
Let k = 230292 + -149983. Is k composite?
False
Let x(m) = 3 - 10*m**2 + 4*m**3 - 5*m**3 + 7*m + 2*m**3. Let d be x(10). Suppose -9*f + 3844 = d. Is f composite?
False
Suppose 14 = -7*z - 42. Let h = z - -8. Suppose h = -4*g - n + 1392, -4*g - 2*n + 0*n = -1396. Is g composite?
False
Let s(y) = -3*y - 54. Let w be s(-19). Suppose 2*j = -w*j + 30. Suppose 4*z - i - 2448 = 0, -5*i - 631 = 5*z - j*z. Is z a prime number?
False
Let u(c) = c**2 + 6*c - 18 - 4 + 33. Let g be u(-5). Suppose i - 233 = -2*a, -4*a + 243 = g*i - 5*i. Is i a prime number?
True
Let s(a) = a**3 + 21*a**2 - 38*a - 22. Let b be s(23). Let j = -9451 + b. Is j a prime number?
False
Let g = 2348660 - 1437549. Is g composite?
False
Suppose -3*x + 6*x = -5*p - 18591, -2*p - 30985 = 5*x. Let h = -3240 - x. Is h composite?
False
Suppose -726 = -170*b + 49*b. Let x = 3104 + -1815. Is b + -12 + x + 2/1 prime?
False
Let p(d) = 3*d - 68. Let a(q) = 7*q + 68. Let l be a(-7). Let x be p(l). Let g(s) = -s**3 - 5*s**2 - 3*s + 8. Is g(x) prime?
False
Suppose 0 = -4*m + 51 - 75. Let s(f) = -692*f + 25. Is s(m) composite?
False
Let w(b) = 21277*b - 681. Is w(10) prime?
False
Let f(l) = -l**2 + 14*l + 16. Let n be f(14). Suppose 0 = -n*y + 18*y + 172. Let s = 153 + y. Is s composite?
False
Let u(m) = 97*m + 20. Let y be u(11). Let h = y - -2607. Suppose 2*i - 4*f - h = 0, i - 1847 = -0*i - 2*f. Is i prime?
True
Let g(j) = -295*j + 34. Let y be 35/(-49)*-7 - (12 - 0). Is g(y) a composite number?
False
Suppose -f = 48*a - 50*a - 8535, -4*f + 2*a + 34164 = 0. Is f prime?
True
Is (-6)/(-5) + 5472068690/3550 a composite number?
False
Is 10033845/55 + (0 - 24/44) a prime number?
False
Let b(l) = -l - 1. Let w(d) = -d + 1. Let k(h) = -2*b(h) + w(h). Let t be k(6). Suppose -2595 = 4*f - t*f. Is f a prime number?
False
Let i(x) = 67 + 226 + 16972*x**2 + 24*x - 16948*x**2. Is i(-17) prime?
False
Let m = -2280 - -785. Is -18 + 20 - (m - 2) a composite number?
False
Let m(u) = -19*u**2 + 32*u + 6*u**2 + 37*u**2 + 13 + 97*u**2. Is m(-6) composite?
False
Let g(w) = 3*w + 23. Let u be g(-17). Let f be u/(-35) + 22/10. Suppose f*c - 5*x = 85, 3*x + 54 = 2*c - x. Is c composite?
True
Let c = -143682 + 217375. Is c composite?
False
Let d(t) = -t**3 + 14*t**2 - 25*t + 7. Let u(r) = r**3 + 2*r**2 - 2*r + 6. Let l be u(-3). Suppose -3*y + 4 = -o + 15, 29 = l*o - 5*y. Is d(o) composite?
False
Suppose -p + 796 = 3*p. Let j = p + -30. Suppose -6*n - j + 1747 = 0. Is n composite?
False
Suppose z - 1740 = 3*z. Let x = z - -1273. Suppose 282 + x = c. Is c a prime number?
False
Let q(n) = 2851*n**2 + 57*n - 11. Is q(15) prime?
False
Let v(z) = 5172*z**2 - 264*z + 1061. Is v(4) a composite number?
False
Suppose 33*z + 21*z + 14*z = 5245724. Is z a prime number?
False
Let v be (-2)/1 - (-10 - (0 - 4)). Suppose 0*o = -v*o + o. Suppose 3*n - 21324 = -n - 4*i, -5*n - 4*i + 26651 = o. Is n prime?
False
Let l(w) = -w**3 - 3*w**2 + 63*w + 125. Is l(-24) composite?
False
Suppose -4*n = 3*m - 14, 2*m - 3*n + 18 = -1. Let j be 0*(2/(-2) - m) + 0. Suppose r + j*k = k + 779, 5*k - 773 = -r. Is r prime?
False
Suppose 10652739 = 54*g + 71*g - 32672636. Is g a composite number?
True
Su